- 3 = 4*l. What is the units digit of d?
6
Suppose 0 = -9*j + 5*j - 716. Let h = 379 + j. What is the units digit of h?
0
Suppose 0 = -3*z - z + 8. Suppose -z*d + d - x = -40, 80 = 2*d - 3*x. What is the units digit of d?
0
Let d be -4 + 1 - (1 - -80). Let r = d + 151. What is the tens digit of r?
6
Suppose -15*d + 3473 = -7327. What is the tens digit of d?
2
Suppose -26*p = -21*p - 10. Suppose -5*v + 3*s + 455 = -s, p*v + 2*s - 200 = 0. What is the units digit of v?
5
Let p = -587 + 4527. What is the tens digit of p?
4
Let a(b) be the second derivative of 10*b**3/3 + b**2/2 + 3*b. Suppose 0 = -2*r + r + 1. What is the units digit of a(r)?
1
Let p = 8 + -20. Let a(j) = 3*j**3 + 3*j**2 + 3*j + 1. Let y be a(-1). What is the tens digit of (y - 5)*p/7?
1
Let p(c) = 5 + c**3 - 11*c + 5 + c + 2*c - 3*c**2. What is the units digit of p(6)?
0
Let g(n) = 38*n**3 + 3*n**2 - 3*n. What is the tens digit of g(1)?
3
Let d be -5*1*(-203)/29. Let y = d - -54. What is the units digit of y?
9
Suppose -34*f + 23925 = -8613. What is the units digit of f?
7
Let j(i) = i + 2. Let z be j(-1). Let c = z + 1. Let w(f) = 3*f**3 - f. What is the units digit of w(c)?
2
Suppose -309 = -3*r + g, 2*r = -2*g + 212 + 2. What is the units digit of r + 21/(-3) + 3?
0
Let m = -2120 - -3115. What is the tens digit of m?
9
Let r = 262 + -251. What is the units digit of r?
1
Suppose -3*x + r = -2*r - 18, -3*x + 4*r = -15. Suppose -5*k + 19 = g, 2*k - 35 = -3*g + x. Let n = 20 + g. What is the tens digit of n?
3
Suppose -4*t - 2*w + 453 + 571 = 0, -w - 1266 = -5*t. Let y = t - 152. What is the tens digit of y?
0
Suppose -39 - 37 = -4*h - 5*w, -2*w + 78 = 5*h. Suppose h*l = 10*l + 200. What is the tens digit of l?
5
Let d(i) = 2*i**2 - 13*i + 10. Let q be d(6). Suppose -q*c = -187 - 337. What is the hundreds digit of c?
1
Let o(j) = -111*j - 7. What is the units digit of o(-6)?
9
Let j(c) = -c**3 + 10*c**2 + c + 5. Suppose -i + 40 = -5*i. Let r = 0 - i. What is the tens digit of j(r)?
1
Suppose -12*i + 1269 = -819. What is the units digit of i?
4
What is the units digit of 50/(-3)*19152/(-280)?
0
Suppose -9*s + 12*s + 60 = 0. Let x be (46/(-5))/((-4)/s). Let l = 84 + x. What is the units digit of l?
8
Let c = 36 - 31. Suppose -c*p = -9*p + 228. What is the tens digit of p?
5
Let x = 2183 - 1213. What is the units digit of x?
0
Let h = -44 + 431. What is the hundreds digit of h?
3
Suppose 1145*n = 1138*n + 3598. What is the tens digit of n?
1
Let v be 1324/22 + (-26)/143. Suppose -2*f + 8*f = v. What is the units digit of f?
0
Suppose -17*d - 11593 = -30939. What is the hundreds digit of d?
1
Let m be 10/4*(24/(-20) - 0). What is the units digit of (m/(-4))/(6/16)?
2
What is the hundreds digit of 2 - 28/12 - (-7819)/21?
3
Let h = 1667 + -1028. What is the units digit of h?
9
Suppose 3*a - 268 = 2*a. Let b = 112 - a. What is the tens digit of b/(-5) - 2/10?
3
Suppose -v - z - 3*z = -37, -4*v + 124 = 4*z. What is the tens digit of -1 + 0 + (v - -20)?
4
What is the units digit of (910/175)/(-2 - (-1542)/770)?
2
Let x(o) = -48*o + 18. What is the hundreds digit of x(-2)?
1
Let i(s) = -s**2 + 6*s - 8. Let q be i(6). Let z = 10 + q. Suppose 22 = z*r - 4*j, 28 = 2*r - 5*j + 4*j. What is the units digit of r?
5
Suppose -2*q - 221 = 5*p, -89 = 2*p - 0*p + q. Let r = -30 - p. Let w = 16 - r. What is the units digit of w?
3
Let r be (-4)/6*8559/(-18). Let v = -205 + r. What is the hundreds digit of v?
1
Suppose -25 = -3*v - 2*t, -2*v + t + 35 = 6*t. Suppose -3*r - 18 + 3 = -3*i, -4*r + i = v. Suppose r*w = -2*w + 68. What is the units digit of w?
4
Let y(w) = 6*w - 7. What is the tens digit of y(6)?
2
Let n = 567 - 535. What is the tens digit of n?
3
Suppose 10311 = 60*h - 39*h. What is the tens digit of h?
9
Suppose -36*s = 10*s - 22908. What is the hundreds digit of s?
4
Let q = 639 - 904. What is the units digit of q/(-10) + -4 - 2/(-4)?
3
Let r = 142 + -56. What is the units digit of r?
6
Let d = 495 - 121. What is the hundreds digit of d?
3
Let l(h) = 3*h**3 + h**2 - 5*h - 22. What is the hundreds digit of l(6)?
6
Let n = -3 + 15. What is the tens digit of -386*(-3)/n - 1/(-2)?
9
Suppose 2*r = -2*k + 45 - 3, -r - 5*k + 13 = 0. Let n(a) = a**3 - 8*a**2 - 9*a + 4. Let s be n(9). Suppose -s*m + 161 = -r. What is the units digit of m?
6
Suppose 4*t - 312 = 4*u, -5*u - 339 = 2*t + 65. What is the hundreds digit of (-8528)/u + (-2)/(-5)?
1
Let q = -1030 + 2331. What is the thousands digit of q?
1
Suppose 4*d = 4*v + 6 + 2, -4 = -2*d - 2*v. Suppose 0*x - 2*x + d*o + 6 = 0, 0 = 4*x - 5*o - 12. Suppose x*h = 5*h - 22. What is the units digit of h?
1
Suppose 0 = -6*m - 12*m + 4770. What is the hundreds digit of m?
2
Suppose -4*o + s = -12 - 40, 0 = -3*o - 5*s + 62. Let b = o + -12. Suppose -b*d = -6*d + 108. What is the units digit of d?
7
Let o = -1235 + 2237. What is the hundreds digit of o?
0
What is the tens digit of (43*(-48)/15)/(12/(-30))?
4
Suppose -4*z + 4332 = -3692. What is the units digit of z?
6
What is the hundreds digit of ((-270)/(-24)*-37 - -1)*-4?
6
Suppose -s + 47 - 1 = -5*t, t = -4*s + 100. Suppose 29 = 5*v - s. Suppose -4*f + v = 3*w - 0*f, -5*w + 2*f + 53 = 0. What is the units digit of w?
9
Let d(g) = g**2 + 37*g + 204. What is the tens digit of d(-52)?
8
Suppose 0 = 7*x - 2018 - 1846. Suppose 8*i - 440 = x. What is the units digit of i?
4
Let m(g) = g**3 + g**2 + 2. Let c be m(0). Suppose 2 = q - 2*z - 3*z, 0 = z - c. What is the units digit of q?
2
Let j(t) = -t**2 - 9*t - 8. Let f be j(-7). Let b be f/((-4)/8*-3). Suppose -y + 4 = -l - b, l + 23 = 4*y. What is the units digit of y?
5
Let s(h) be the second derivative of -3*h**5/5 - h**3/6 - h**2/2 + h. Let n be (9/(-9))/(0 + 1). What is the tens digit of s(n)?
1
Let z = -30 + 335. What is the tens digit of z?
0
Suppose -103*v + 21552 = -91*v. What is the thousands digit of v?
1
Let a(p) = p**3 - 12*p**2 + 2*p - 11. Let u be a(12). Let z(f) = -f**3 + 12*f**2 + 16*f - 14. Let q be z(u). What is the units digit of 9/(-3) + q + 4?
6
Let a(d) = -266*d - 104. What is the tens digit of a(-7)?
5
Let j be (-2849)/(-63) - 2/9. Let b = j - 39. What is the units digit of b?
6
Suppose -5*w = -v + 1 + 9, 4*v - 5*w = 115. What is the units digit of v?
5
Let q = -25 - -19. Let b be (-2)/(q/87) + 4. Suppose -b = -g - 2*x, -2*g - 2*x = x - 64. What is the units digit of g?
9
Suppose 0 = -5*x - 83 + 863. What is the units digit of x?
6
Suppose 3160 = 13*g - 9*g. Suppose 5*a = -0*a + g. What is the hundreds digit of a?
1
What is the tens digit of -3352*(50/(-40))/5?
3
Suppose w - 64 = -3*w. Suppose -w = -y + 46. What is the units digit of y?
2
Suppose 0 = 2*i - 11 + 7. Suppose 2*j + x - 6 - 2 = 0, -i*x = -j + 14. Suppose -j*s - 15 = -s, -4*g - 1 = 3*s. What is the units digit of g?
2
What is the units digit of -14 - -1068 - (1 - -5)?
8
Let g = 4 - 0. Suppose 2*i - g*w - 16 = 0, 5*w - 9 = -i - 22. What is the units digit of -1 + 16 - -1*i?
7
Let y = 45 + -72. Let p = y - -214. What is the units digit of p?
7
Suppose 0 = 7*a - 167 - 946. What is the units digit of a?
9
Suppose 0 = -2*d + 5*y + 167, 3*d - 5*y - 233 = -y. Suppose -5*j - 48 = 2*l - 189, l - d = -3*j. What is the units digit of l?
8
Let x be ((-2)/2 - -2)*-1. Let y = x + 1. Suppose y = 2*d - 0*d + 2*m - 46, 4*d = 5*m + 56. What is the tens digit of d?
1
Let a(n) = n**2 - 4*n - 1. Let w be a(6). Suppose -6 = -2*g, 0*g + 2*g - 9 = i. What is the units digit of w/4 - i/12?
3
Suppose 4*i - 1535 = q - 6385, 14605 = 3*q - i. What is the thousands digit of q?
4
Let s = 1616 - 847. What is the tens digit of s?
6
Suppose -8*t + 5*t + 69 = 0. Suppose m - 217 + t = -4*u, 2*u = 3*m + 90. Suppose 2*o = -2*o + u. What is the units digit of o?
2
Let n(t) be the second derivative of -34*t**3/3 - 19*t**2 + t + 7. What is the tens digit of n(-5)?
0
Suppose 5*v = 3*a + 410, 3*v + 0*a + 3*a - 270 = 0. Let k = 91 - v. What is the units digit of k?
6
Suppose 0 = 2*v + 4*p + 214, -3*p - 103 = 3*v - 2*v. Let y = 163 + v. What is the tens digit of y?
4
Let g be (-6 - 0)*(-588)/9. Let v = g - 167. Suppose -3*p = -8*p + v. What is the units digit of p?
5
Let a = 1384 + -389. What is the hundreds digit of a?
9
Let r = 3652 - 937. What is the tens digit of r?
1
Let r(t) = -t**2 + 6*t - 14. Let p be r(6). L